{"id":881,"date":"2018-05-09T13:22:00","date_gmt":"2018-05-09T13:22:00","guid":{"rendered":"https:\/\/mgmtedizioni.com\/?post_type=product&#038;p=881"},"modified":"2022-03-08T08:42:46","modified_gmt":"2022-03-08T08:42:46","slug":"diventa-chi-sei","status":"publish","type":"product","link":"https:\/\/mgmtedizioni.com\/shop\/libri\/diventa-chi-sei\/","title":{"rendered":"Diventa chi sei"},"content":{"rendered":"<p>Avere tanti progetti e interessi non ci condanna affatto ad essere dei dilettanti inconcludenti. Una curiosit\u00e0 insaziabile non ci rende necessariamente degli eccentrici che disperdono le proprie energie, ma dei <em>multipotenziali<\/em>: persone che perseguono molteplici attivit\u00e0 creative. E questa pu\u00f2 essere la pi\u00f9 importante delle nostre qualit\u00e0.<\/p>\n<p><em>Diventa chi sei<\/em> si propone di aiutarci ad incanalare positivamente le nostre passioni e le nostre doti. Partendo dalla sua famosa conferenza TED \u201cPerch\u00e9 alcuni di noi non hanno un\u2019unica vera vocazione\u201d, Emilie Wapnick capovolge i criteri che tradizionalmente guidano la ricerca di una carriera e una vita di successo. Invece di suggerire la specializzazione in un\u2019unica disciplina, la scelta di una nicchia, o la pratica costante in una singola area, l\u2019autrice fornisce un programma pratico per vivere una vita soddisfacente attorno a tutte le nostre passioni.<\/p>\n<p>In questo libro scoprirete:<\/p>\n<ul>\n<li>Come individuare la carriera pi\u00f9 adatta alla vostra vera personalit\u00e0.<\/li>\n<li>Come guadagnarvi da vivere dedicandovi ai vostri molteplici interessi, specialmente nell&#8217;attuale difficile mercato del lavoro.<\/li>\n<li>Come focalizzarvi su molteplici progetti, facendo progressi in ciascuno di essi.<\/li>\n<li>Come affrontare le difficolt\u00e0 pi\u00f9 comuni, inclusa quella di perdere interesse per le cose che prima amavate.<\/li>\n<\/ul>\n<p><em>Diventa chi sei<\/em> vi insegner\u00e0 a progettare una vita \u2013 a qualunque et\u00e0 e a qualunque stadio della vostra carriera \u2013 in cui potrete essere pienamente voi stessi e di fare il tipo di lavoro che pi\u00f9 amate.<\/p>\n","protected":false},"excerpt":{"rendered":"<div id=\"le_body_row_4_col_2_el_2\" class=\"element-container cf\" data-style=\"\">\n<div class=\"element\">\n<div><\/div>\n<\/div>\n<\/div>\n<div id=\"le_body_row_4_col_2_el_3\" class=\"element-container cf\" data-style=\"\">\n<div class=\"element\">\n<h3>Emilie Wapnick<\/h3>\n<\/div>\n<\/div>\n<div id=\"le_body_row_4_col_2_el_5\" class=\"element-container cf\" data-style=\"\">\n<div class=\"element\">\n<h3>Una pratica guida per persone creative che hanno molteplici passioni ed interessi<\/h3>\n<\/div>\n<\/div>\n","protected":false},"featured_media":1190,"comment_status":"closed","ping_status":"closed","template":"","meta":[],"_links":{"self":[{"href":"https:\/\/mgmtedizioni.com\/shop\/wp-json\/wp\/v2\/product\/881"}],"collection":[{"href":"https:\/\/mgmtedizioni.com\/shop\/wp-json\/wp\/v2\/product"}],"about":[{"href":"https:\/\/mgmtedizioni.com\/shop\/wp-json\/wp\/v2\/types\/product"}],"replies":[{"embeddable":true,"href":"https:\/\/mgmtedizioni.com\/shop\/wp-json\/wp\/v2\/comments?post=881"}],"wp:featuredmedia":[{"embeddable":true,"href":"https:\/\/mgmtedizioni.com\/shop\/wp-json\/wp\/v2\/media\/1190"}],"wp:attachment":[{"href":"https:\/\/mgmtedizioni.com\/shop\/wp-json\/wp\/v2\/media?parent=881"}],"curies":[{"name":"wp","href":"https:\/\/api.w.org\/{rel}","templated":true}]}}